**b + 5 + 5 - 3 + 916*s**2 - 3 + s. Let r be 2*(-2 - 14/(-4)). What is p(r)?
-2
Let t(n) = -27*n - 3. Suppose -2*v + 32*m = 27*m - 2, 4*v + 5*m - 4 = 0. Give t(v).
-30
Let g(r) be the first derivative of -r**4/4 + r**3 + r**2 - 4*r - 20. Let m = -49 - -103. Let j be (-12)/m + 58/18. Calculate g(j).
2
Let g(p) be the third derivative of p**5/60 - 7*p**4/24 + 3*p**3/2 - p**2. Suppose 0 = d + 4*b - 42, -8*d + 4*b = -12*d + 60. Give g(d).
3
Let y(c) = 7*c**2 - 4*c + 12. Let p(r) = -19*r + 1. Let k(w) = -2*p(w) - y(w). Give k(6).
-14
Let u(m) = 2 - 11*m - 7 + 9*m. Let s = -53 - -53. Let t(q) = -2*q - 4. Let x be t(s). Determine u(x).
3
Let g(c) = -2*c**2 + 12*c + 27. Let h = 42522 - 42528. Give g(h).
-117
Let m be 42/(-21)*11/(-2). Let c(w) be the first derivative of w**4/4 - 11*w**3/3 - w**2/2 + 3*w - 143. Determine c(m).
-8
Let z(t) = -2*t**2 + 39*t - 2. Let a(g) = -3*g - 2. Let m(f) = -11*a(f) - z(f). Calculate m(6).
60
Let j(p) be the first derivative of -p**5/60 + p**4/6 + 166*p**3/3 - 113. Let f(y) be the third derivative of j(y). Determine f(-7).
18
Let m(c) = 2*c**3 - 13*c**2 + 3*c + 16. Let y be 16*(805/56 + -14). Determine m(y).
-2
Let j(h) = -h**3 - 8*h**2 - 10*h - 10. Let w = 31 - -26. Suppose 10*s + 13 = -w. Give j(s).
11
Let h(m) = -26*m + 43*m + 29*m - 6 - 24*m - 20*m. Let u(s) = s**3 + 3*s**2 - 2*s - 1. Let a be u(-3). What is h(a)?
4
Suppose -9 = -2*d + 3*p, 0 = -4*d - 3*p - 2 + 11. Let h(f) = -35 - 7*f - f**2 - 4*f**2 + f**d + 74 - 40. Calculate h(6).
-7
Let y(f) = -4*f**2 - 20*f + 7. Let r(o) = -o**2 - 2*o + 3. Let i(v) = 3*r(v) - y(v). Calculate i(-12).
-22
Suppose 3*o - 7*o + 40 = 0. Suppose -9 = -o*m + 9*m - k, m - 9 = -5*k. Let c(i) = i**2 - 9*i + 3. Give c(m).
3
Let x be (-3 - 1 - -8)*176/(-704). Let l(d) = 2*d**3 + 4*d**3 - d**2 - 1 - 3*d - d**2. Determine l(x).
-6
Let b = -352 - -351. Let i(m) = -729*m**2 + m - 731*m**2 + 1470*m**2. Determine i(b).
9
Let s = -49 - -43. Let c be (-8)/3 - ((-34)/6 - s). Let y(d) be the first derivative of -2*d**2 + d - 2. What is y(c)?
13
Let r(t) = -t + 20. Let q(f) = -5*f**3 - 9*f**2 - 22*f - 30. Let g be q(-2). Determine r(g).
2
Let c(t) be the first derivative of -t**4/4 + 8*t**3/3 - 3*t**2/2 + 3*t - 5756. What is c(5)?
63
Let g(u) = -u - 4. Let o(r) = -2*r - 6. Let m(s) = 3*g(s) - 2*o(s). Suppose 2 - 8 = -2*w, 4*h - 4*w = -32. Let q be m(h). Let p(l) = 2*l + 6. Give p(q).
-4
Let j(o) = 4906 + 4905 - 9800 + 3*o. Give j(-6).
-7
Suppose 278*l + 210 = 264*l. Let b(h) = h**2 + 21*h + 83. Give b(l).
-7
Let t(q) = 3*q - 26. Let f be t(11). Let o(u) = 2*u + 3 + u**3 - f*u + 2*u + u - u**2. Suppose -3*g + 1 = -5. Calculate o(g).
3
Let d(q) = 2*q**3 - 3. Suppose 444*w = 470*w. Give d(w).
-3
Let j(x) be the second derivative of x**5/20 + 7*x**4/4 + x**3/6 + 23*x**2/2 + 194*x + 3. What is j(-21)?
2
Let j(q) be the first derivative of -q**5/60 + q**4/4 + 3*q**3/2 - 8*q**2 - 43. Let v(i) be the second derivative of j(i). Calculate v(8).
-7
Let n(r) = 4*r**2 + 24*r - 26. Let z be n(-7). Let y be z*((-21)/(-14) - 1). Let d(b) = -3*b**3 + b - 1. Determine d(y).
-3
Let p = -677 + 677. Let q(n) = -n**3 + 5*n**2 + 7*n + 18. Let l(d) = d**2 + d + 1. Let i(v) = -6*l(v) + q(v). What is i(p)?
12
Suppose -11*v = -6*v - 225. Let p(l) = -44*l**2 - 8 + 0 + l + v*l**2. Calculate p(0).
-8
Let a(l) = -4*l - 22. Let k be 7/(10/(-75) + 34/30). Suppose k*n - 196 = -245. Give a(n).
6
Let i(s) be the second derivative of -s**5/20 + 4*s**4/3 + 10*s**3/3 - 43*s**2/2 + 11625*s. What is i(17)?
8
Suppose 0*v - 9288 = -24*v. Let w = v - 387. Let n(g) = -3*g**2 - g + 2. Let a(x) = -4*x**2 - x + 3. Let l(c) = 4*a(c) - 5*n(c). Determine l(w).
2
Let i = 34267/20 - 5140/3. Let q(n) be the third derivative of -35*n**2 + 2/3*n**3 + 0*n - i*n**5 + 7/24*n**4 + 0. Determine q(6).
10
Let x = 46 - 142. Let b = -91 - x. Let a(r) = r**3 - 4*r**2 - 2*r - 6. Give a(b).
9
Let y(z) = -z**3 - 5*z**2 + 163 - 3*z**2 - 46*z + 6*z**2 - 15*z**2 - 11*z**2. Determine y(-26).
7
Let a be 66/(-2)*(-9 - (-70)/15). Let u(i) = a + 2*i - 2*i - i + 0*i - 140. Calculate u(5).
-2
Let c(f) = f**3 - 5*f**2 + 6*f + 2. Let m be (-44)/8*42/(-77). Give c(m).
2
Let d be 32/(-20) - 2/5. Suppose 21*z - 1287 = 141. Let j(x) = 122*x - 3 - z*x - 55*x. What is j(d)?
-1
Let p(f) = -59*f + 1. Let j be p(-1). Let t = j - 52. Let n(m) = -t*m**2 + 17*m**2 + 2*m**3 - 3*m**3 + m**2. Give n(10).
0
Let q(n) = -5*n**2 - 11*n + 9. Let i(k) = -14*k**2 - 34*k + 27. Let h(u) = 4*i(u) - 11*q(u). Let b = 29888 + -29904. Give h(b).
-7
Let m(y) = 8*y**2 + y - 3. Let h(p) = -7*p**2 - 2*p + 2. Suppose -24*i + 19*i = -35. Let j(t) = i*h(t) + 6*m(t). Let b = -2 + -4. Determine j(b).
8
Let a = -459 + 436. Let o(l) = -l**2 - 24*l - 22. What is o(a)?
1
Let d(a) = -350*a + 642. Let o(c) = 184*c - 322. Let p(j) = 6*d(j) + 11*o(j). What is p(4)?
6
Suppose -22*z - 43 + 33 - 496 = 0. Let x(u) = 3*u + 24. What is x(z)?
-45
Let q(x) = -x**2 - 381*x + 23 - 31 - 394*x + 766*x. Let l = -5 - 4. Calculate q(l).
-8
Let l(w) be the second derivative of w**8/3360 + w**7/630 - w**5/30 + 7*w**4/12 - 7*w**2/2 + 87*w. Let d(h) be the third derivative of l(h). Give d(-2).
-4
Let o(w) = -w**2 - 21*w - 10. Let i(q) = -2*q**2 - 42*q - 19. Let u(t) = 6*i(t) - 13*o(t). Give u(-22).
38
Let l(n) = 3*n + 5. Suppose 0 = 5*k + 30 - 55. Suppose 5*a + k*x = 15, 0*a + 4*a = 4*x - 4. Let m be 2 + (a - 0) + -29 + 21. Calculate l(m).
-10
Suppose k + 7*x = 8*x, 2*k - 12 = -4*x. Suppose 2*i - 3*b = -4*b + 1, k*i - 5*b + 29 = 0. Let l(v) = v**3 - v**2 - 4*v - 3. Determine l(i).
-7
Suppose 66 = -5*r + 3*z, -17*r - 5*z + 34 = -19*r. Let i(w) = 3*w**2 + 35*w - 10. Calculate i(r).
2
Let t(v) be the second derivative of 1/2*v**2 + 2 + 1/6*v**4 + 7/20*v**5 - 16*v + 1/3*v**3. Calculate t(-1).
-6
Let c(g) be the third derivative of g**5/60 + g**4/24 - g**3/6 - 4*g**2. Let k(d) = -3*d**2 + 2*d + 2. Let j be k(-1). Give c(j).
5
Suppose 8*l = -16*l + 600. Let f(o) = 7227 + 5*o - 7228 - l*o. What is f(-1)?
19
Suppose 43 = 7*n - 3*x, 0 = n + x - 13 + 4. Let i(t) = 12*t - 91. Calculate i(n).
-7
Let o(q) be the first derivative of -q**2 + 16 - 111*q + 56*q + 61*q. Give o(4).
-2
Let v(q) = -5*q + 12. Let s(b) = -b**2 - 32*b + 409. Let g be s(10). Calculate v(g).
67
Let h(r) be the second derivative of -66*r - 1/12*r**4 + 0 - 7/6*r**3 - 5*r**2. Give h(-6).
-4
Suppose -3*u = 3*f - 309, -2*f + 0*f + 3*u + 196 = 0. Let m = 85 - 49. Let p(v) = m*v + 37*v + 3 - f*v - v**2 + 33*v. Determine p(5).
3
Let u(h) be the first derivative of -h**4/4 - h**3/3 + 8*h - 3. Let q(t) = -8*t**2 + 96*t. Let g be q(12). Give u(g).
8
Suppose -1409 = 57*j - 58*j. Let q(r) = j - 2*r + r + 2*r**2 + r**3 - 1408. Let h = -1 - 2. Calculate q(h).
-5
Let i(o) = -14*o + 189. Let j(h) = 119*h - 1653. Let q be j(14). Give i(q).
7
Suppose 2*x + 17*s - 2220 = 14*s, -3*x + 3368 = -5*s. Let t(b) = -561 + 3*b + b**2 - 557 + x. Calculate t(-3).
-2
Let u(j) = -4*j - 6. Let z be ((-14)/(-4) + -1)/(1/6). Let f be (1/(12/z))/((-10)/40). Give u(f).
14
Let m = -202 + 197. Let h(s) = 2*s + 1. Determine h(m).
-9
Let o(x) be the second derivative of -5/12*x**4 + 0*x**3 + 0 + 0*x**2 - 1/20*x**5 + 2*x - 1/720*x**6. Let z(b) be the third derivative of o(b). Give z(-5).
-1
Suppose x - 3*x + 37 = 3*i, x = -i + 13. Let g(w) = 3*w - 13 - 6*w + i + 7. What is g(2)?
-1
Let s(t) = t**3 + 3*t**2 - 5*t + 18. Let n(a) = -a**3 - 78*a**2 + 331*a + 241. Let o be n(-82). What is s(o)?
-7
Let s(b) be the third derivative of -b**4 - 199*b**3/6 - 2*b**2 + 204*b - 2. Determine s(-8).
-7
Let p(k) = -9*k + 62. Let u(x) = 3*x - 21. Let i(j) = 4*p(j) + 11*u(j). Let g be i(7). Let r(h) = 1184*h - h**3 - 3*h**2 + 1181*h - 2362*h + 6. Calculate r(g).
10
Let q be 163/15 - (-12)/90. Let u(r) = -7*r**3 + 10*r - 4. Let y(j) = 13*j**3 + j**2 - 19*j + 9. Let s(d) = q*u(d) + 6*y(d). What is s(-7)?
-11
Suppose -175*h = -160*h. Let s(n) = n**2 - 25*n + 1. Determine s(h).
1
Let s(n) = -n**2 + 8*n - 7. Suppose 0 = 31*y - 29 - 95. Give s(y).
9
Let y(w) = -46*w**3 + 9*w**2 + 43*w + 63. Let v(f) = -16*f**3 + 3*f**2 + 15*f + 22. Let a(j) = -17*v(j) + 6*y(j). Give a(-2).
42
Let p(b) be the first derivative of -1/4*b**4 - 59 + 4/3*b**3 + 1/2*b**2 - 4*b. Determine p(4).
0
Let v = 210 - 211. Let c(b) = 2*b**2 + b + 1. Let j(r) = -11*r**2 - 7*r +